{"id":23,"date":"2024-03-25T09:20:51","date_gmt":"2024-03-25T12:20:51","guid":{"rendered":"https:\/\/4quartosimoveis.com.br\/?page_id=23"},"modified":"2024-04-29T13:14:21","modified_gmt":"2024-04-29T16:14:21","slug":"sobre","status":"publish","type":"page","link":"https:\/\/4quartosimoveis.com.br\/index.php\/sobre\/","title":{"rendered":"Sobre"},"content":{"rendered":"\t\t<div data-elementor-type=\"wp-page\" data-elementor-id=\"23\" class=\"elementor elementor-23\" data-elementor-post-type=\"page\">\n\t\t\t\t<div class=\"elementor-element elementor-element-db699af e-con-full elementor-hidden-mobile e-flex e-con e-parent\" data-id=\"db699af\" data-element_type=\"container\" data-e-type=\"container\" data-settings=\"{&quot;background_background&quot;:&quot;classic&quot;}\">\n\t\t\t\t<\/div>\n\t\t<div class=\"elementor-element elementor-element-d7bad0b e-con-full elementor-hidden-desktop elementor-hidden-tablet e-flex e-con e-parent\" data-id=\"d7bad0b\" data-element_type=\"container\" data-e-type=\"container\" data-settings=\"{&quot;background_background&quot;:&quot;classic&quot;}\">\n\t\t\t\t<\/div>\n\t\t<div class=\"elementor-element elementor-element-e913ee4 e-flex e-con-boxed e-con e-parent\" data-id=\"e913ee4\" data-element_type=\"container\" data-e-type=\"container\">\n\t\t\t\t\t<div class=\"e-con-inner\">\n\t\t\t\t<div class=\"elementor-element elementor-element-ecca516 elementor-widget elementor-widget-heading\" data-id=\"ecca516\" data-element_type=\"widget\" data-e-type=\"widget\" data-widget_type=\"heading.default\">\n\t\t\t\t<div class=\"elementor-widget-container\">\n\t\t\t\t\t<h2 class=\"elementor-heading-title elementor-size-default\">A imobili\u00e1ria <span style=\"color:#d2ad65\">4 Quartos<\/span><\/h2>\t\t\t\t<\/div>\n\t\t\t\t<\/div>\n\t\t\t\t<div class=\"elementor-element elementor-element-b831662 elementor-widget-divider--view-line elementor-widget elementor-widget-divider\" data-id=\"b831662\" data-element_type=\"widget\" data-e-type=\"widget\" data-widget_type=\"divider.default\">\n\t\t\t\t<div class=\"elementor-widget-container\">\n\t\t\t\t\t\t\t<div class=\"elementor-divider\">\n\t\t\t<span class=\"elementor-divider-separator\">\n\t\t\t\t\t\t<\/span>\n\t\t<\/div>\n\t\t\t\t\t\t<\/div>\n\t\t\t\t<\/div>\n\t\t\t\t\t<\/div>\n\t\t\t\t<\/div>\n\t\t<div class=\"elementor-element elementor-element-f46120e e-flex e-con-boxed e-con e-parent\" data-id=\"f46120e\" data-element_type=\"container\" data-e-type=\"container\">\n\t\t\t\t\t<div class=\"e-con-inner\">\n\t\t<div class=\"elementor-element elementor-element-6b2cd1c e-con-full card-wrapper e-flex e-con e-child\" data-id=\"6b2cd1c\" data-element_type=\"container\" data-e-type=\"container\" data-settings=\"{&quot;background_background&quot;:&quot;classic&quot;}\">\n\t\t<div class=\"elementor-element elementor-element-30069f5 card-content e-flex e-con-boxed e-con e-child\" data-id=\"30069f5\" data-element_type=\"container\" data-e-type=\"container\">\n\t\t\t\t\t<div class=\"e-con-inner\">\n\t\t\t\t<div class=\"elementor-element elementor-element-c2ba90e elementor-widget elementor-widget-heading\" data-id=\"c2ba90e\" data-element_type=\"widget\" data-e-type=\"widget\" data-widget_type=\"heading.default\">\n\t\t\t\t<div class=\"elementor-widget-container\">\n\t\t\t\t\t<h2 class=\"elementor-heading-title elementor-size-default\">MISS\u00c3O<\/h2>\t\t\t\t<\/div>\n\t\t\t\t<\/div>\n\t\t\t\t<div class=\"elementor-element elementor-element-00964a7 elementor-widget elementor-widget-text-editor\" data-id=\"00964a7\" data-element_type=\"widget\" data-e-type=\"widget\" data-widget_type=\"text-editor.default\">\n\t\t\t\t<div class=\"elementor-widget-container\">\n\t\t\t\t\t\t\t\t\t<p>Transformar sonhos em realidade \u00e9 o que nos motiva, proporcionar a melhor parte do sonho das pessoas, na conquista do seu lar, oferecendo im\u00f3veis de qualidade, com pre\u00e7o justo e com a qualidade que nossos clientes buscam.<\/p>\t\t\t\t\t\t\t\t<\/div>\n\t\t\t\t<\/div>\n\t\t\t\t\t<\/div>\n\t\t\t\t<\/div>\n\t\t\t\t<\/div>\n\t\t<div class=\"elementor-element elementor-element-dfd6a65 e-con-full card-wrapper e-flex e-con e-child\" data-id=\"dfd6a65\" data-element_type=\"container\" data-e-type=\"container\" data-settings=\"{&quot;background_background&quot;:&quot;classic&quot;}\">\n\t\t<div class=\"elementor-element elementor-element-90bca45 card-content e-flex e-con-boxed e-con e-child\" data-id=\"90bca45\" data-element_type=\"container\" data-e-type=\"container\">\n\t\t\t\t\t<div class=\"e-con-inner\">\n\t\t\t\t<div class=\"elementor-element elementor-element-36b7008 elementor-widget elementor-widget-heading\" data-id=\"36b7008\" data-element_type=\"widget\" data-e-type=\"widget\" data-widget_type=\"heading.default\">\n\t\t\t\t<div class=\"elementor-widget-container\">\n\t\t\t\t\t<h2 class=\"elementor-heading-title elementor-size-default\">VIS\u00c3O<\/h2>\t\t\t\t<\/div>\n\t\t\t\t<\/div>\n\t\t\t\t<div class=\"elementor-element elementor-element-370a5f6 elementor-widget elementor-widget-text-editor\" data-id=\"370a5f6\" data-element_type=\"widget\" data-e-type=\"widget\" data-widget_type=\"text-editor.default\">\n\t\t\t\t<div class=\"elementor-widget-container\">\n\t\t\t\t\t\t\t\t\t<p>Ser reconhecida como uma empresa concretizadora de sonhos, promovendo a qualidade, pre\u00e7o justo e inova\u00e7\u00e3o atrav\u00e9s da gest\u00e3o imobili\u00e1ria pelos servi\u00e7os prestados, sendo refer\u00eancia para nossos clientes, construtoras, parceiros e colaboradores.<\/p>\t\t\t\t\t\t\t\t<\/div>\n\t\t\t\t<\/div>\n\t\t\t\t\t<\/div>\n\t\t\t\t<\/div>\n\t\t\t\t<\/div>\n\t\t<div class=\"elementor-element elementor-element-42f1b5d e-con-full card-wrapper e-flex e-con e-child\" data-id=\"42f1b5d\" data-element_type=\"container\" data-e-type=\"container\" data-settings=\"{&quot;background_background&quot;:&quot;classic&quot;}\">\n\t\t<div class=\"elementor-element elementor-element-a9ef746 card-content e-flex e-con-boxed e-con e-child\" data-id=\"a9ef746\" data-element_type=\"container\" data-e-type=\"container\">\n\t\t\t\t\t<div class=\"e-con-inner\">\n\t\t\t\t<div class=\"elementor-element elementor-element-3a100e5 elementor-widget elementor-widget-heading\" data-id=\"3a100e5\" data-element_type=\"widget\" data-e-type=\"widget\" data-widget_type=\"heading.default\">\n\t\t\t\t<div class=\"elementor-widget-container\">\n\t\t\t\t\t<h2 class=\"elementor-heading-title elementor-size-default\">VALORES<\/h2>\t\t\t\t<\/div>\n\t\t\t\t<\/div>\n\t\t\t\t<div class=\"elementor-element elementor-element-9ac29cd elementor-widget elementor-widget-text-editor\" data-id=\"9ac29cd\" data-element_type=\"widget\" data-e-type=\"widget\" data-widget_type=\"text-editor.default\">\n\t\t\t\t<div class=\"elementor-widget-container\">\n\t\t\t\t\t\t\t\t\t<p>Excel\u00eancia profissional;<br \/>Respeito ao ser humano de forma integral;<br \/>Compromisso com o atendimento, pre\u00e7os justos e com a busca dos melhores resultados para nossos clientes, parceiros e colaboradores;<\/p>\t\t\t\t\t\t\t\t<\/div>\n\t\t\t\t<\/div>\n\t\t\t\t\t<\/div>\n\t\t\t\t<\/div>\n\t\t\t\t<\/div>\n\t\t\t\t\t<\/div>\n\t\t\t\t<\/div>\n\t\t<div class=\"elementor-element elementor-element-64ee7fc e-flex e-con-boxed e-con e-parent\" data-id=\"64ee7fc\" data-element_type=\"container\" data-e-type=\"container\">\n\t\t\t\t\t<div class=\"e-con-inner\">\n\t\t\t\t<div class=\"elementor-element elementor-element-2d36f47 elementor-widget elementor-widget-text-editor\" data-id=\"2d36f47\" data-element_type=\"widget\" data-e-type=\"widget\" data-widget_type=\"text-editor.default\">\n\t\t\t\t<div class=\"elementor-widget-container\">\n\t\t\t\t\t\t\t\t\t<p>Somos uma imobili\u00e1ria dedicada a tornar o processo de compra, venda ou aluguel de im\u00f3veis uma experi\u00eancia excepcional para nossos clientes. Nossos profissionais com anos de experi\u00eancia no mercado imobili\u00e1rio, nossa equipe est\u00e1 comprometida em oferecer servi\u00e7os de alta qualidade, orienta\u00e7\u00e3o especializada e suporte personalizado em todas as etapas do processo.<\/p>\n<p>Na 4Quartos, valorizamos a transpar\u00eancia, a \u00e9tica e a excel\u00eancia em tudo o que fazemos. Nossa miss\u00e3o \u00e9 superar as expectativas de nossos clientes, ajudando-os a encontrar o lar dos seus sonhos ou a realizar seus objetivos de investimento imobili\u00e1rio.<\/p>\n<p>Nossa ampla variedade de propriedades inclui desde casas familiares encantadoras at\u00e9 apartamentos modernos, comerciais. Independentemente das suas necessidades, estamos aqui para ajudar a encontrar a propriedade perfeita para voc\u00ea.<\/p>\n<p>Explore nosso site para saber mais sobre nossos servi\u00e7os, nossas propriedades em destaque e nossa equipe dedicada. Se voc\u00ea est\u00e1 procurando comprar, vender ou alugar um im\u00f3vel, entre em contato conosco hoje mesmo e deixe-nos ajud\u00e1-lo a alcan\u00e7ar seus objetivos imobili\u00e1rios!<\/p>\n<p>Obrigado por escolher a 4Quartos. Estamos ansiosos para trabalhar com voc\u00ea!<\/p>\t\t\t\t\t\t\t\t<\/div>\n\t\t\t\t<\/div>\n\t\t\t\t<div class=\"elementor-element elementor-element-066f85e elementor-widget-divider--view-line elementor-widget elementor-widget-divider\" data-id=\"066f85e\" data-element_type=\"widget\" data-e-type=\"widget\" data-widget_type=\"divider.default\">\n\t\t\t\t<div class=\"elementor-widget-container\">\n\t\t\t\t\t\t\t<div class=\"elementor-divider\">\n\t\t\t<span class=\"elementor-divider-separator\">\n\t\t\t\t\t\t<\/span>\n\t\t<\/div>\n\t\t\t\t\t\t<\/div>\n\t\t\t\t<\/div>\n\t\t\t\t\t<\/div>\n\t\t\t\t<\/div>\n\t\t\t\t<\/div>\n\t\t","protected":false},"excerpt":{"rendered":"<p>A imobili\u00e1ria 4 Quartos MISS\u00c3O Transformar sonhos em realidade \u00e9 o que nos motiva, proporcionar a melhor parte do sonho das pessoas, na conquista do seu lar, oferecendo im\u00f3veis de qualidade, com pre\u00e7o justo e com a qualidade que nossos clientes buscam. VIS\u00c3O Ser reconhecida como uma empresa concretizadora de sonhos, promovendo a qualidade, pre\u00e7o [&hellip;]<\/p>\n","protected":false},"author":1,"featured_media":0,"parent":0,"menu_order":0,"comment_status":"closed","ping_status":"closed","template":"elementor_header_footer","meta":{"_acf_changed":false,"footnotes":""},"class_list":["post-23","page","type-page","status-publish","hentry"],"acf":[],"_links":{"self":[{"href":"https:\/\/4quartosimoveis.com.br\/index.php\/wp-json\/wp\/v2\/pages\/23","targetHints":{"allow":["GET"]}}],"collection":[{"href":"https:\/\/4quartosimoveis.com.br\/index.php\/wp-json\/wp\/v2\/pages"}],"about":[{"href":"https:\/\/4quartosimoveis.com.br\/index.php\/wp-json\/wp\/v2\/types\/page"}],"author":[{"embeddable":true,"href":"https:\/\/4quartosimoveis.com.br\/index.php\/wp-json\/wp\/v2\/users\/1"}],"replies":[{"embeddable":true,"href":"https:\/\/4quartosimoveis.com.br\/index.php\/wp-json\/wp\/v2\/comments?post=23"}],"version-history":[{"count":64,"href":"https:\/\/4quartosimoveis.com.br\/index.php\/wp-json\/wp\/v2\/pages\/23\/revisions"}],"predecessor-version":[{"id":2612,"href":"https:\/\/4quartosimoveis.com.br\/index.php\/wp-json\/wp\/v2\/pages\/23\/revisions\/2612"}],"wp:attachment":[{"href":"https:\/\/4quartosimoveis.com.br\/index.php\/wp-json\/wp\/v2\/media?parent=23"}],"curies":[{"name":"wp","href":"https:\/\/api.w.org\/{rel}","templated":true}]}}